). Suppose 0 = -i*l + 1031 - 41. Calculate the greatest common factor of 45 and l.
45
Let f be 2/12*4 - 665/(-15). Let c be (63/(-9) + 6)*-5. What is the greatest common divisor of f and c?
5
Let j = 27 + -37. Let u be 148*(-18)/(-40) + 6/j. Suppose -u = 3*v - 4*v. What is the highest common divisor of 6 and v?
6
Let a = -3957 - -3959. Calculate the highest common factor of a and 189.
1
Suppose -3*q - 3 = 0, 30*m - 8 = 25*m - 2*q. Let x be (m + 4)*200/15. Calculate the greatest common divisor of 32 and x.
16
Let f = 560 - 543. Suppose -f*b + 4180 = 423. Calculate the greatest common factor of b and 68.
17
Suppose f + 240 = 3*f. Let m be 179/2 + ((-228)/(-24) - 9). Calculate the greatest common divisor of m and f.
30
Let a(n) = 880*n - 28. Let x be a(1). Calculate the highest common factor of 48 and x.
12
Let v be (99/(-21) - -3)*(-231)/6. Let o be (16/(-28))/(8/(-588)). Calculate the greatest common factor of v and o.
6
Let d be (-312)/(-18)*3/1. Suppose 92 = j + 3*z, 2*j - z - 23 - 189 = 0. Calculate the greatest common factor of d and j.
52
Suppose 185 = 5*w - w + 5*y, 2*w = y + 89. Suppose 2*l = -2*r + 8, 0 = -4*l + 5*r + 13 + 12. What is the highest common divisor of w and l?
5
Let i(x) be the first derivative of 11*x**3/3 + 9*x**2 - 45*x - 156. Let t be i(5). Calculate the highest common factor of 20 and t.
20
Let b(l) = -989*l - 28. Let z be b(-2). Calculate the greatest common factor of 234 and z.
78
Suppose 2*c = -4*n + 1202, -2426 = -4*c - 34*n + 37*n. What is the greatest common divisor of 5 and c?
5
Suppose 3*b + 9939 = 4*c, -16*c + 13*c + 7449 = -3*b. What is the greatest common factor of c and 30?
30
Let l(q) = -q**2 - 8*q + 8. Let i be l(1). Let g be 23 - 26 - (-15 - i). What is the highest common divisor of 11 and g?
11
Let s(v) = v**2 + 19*v + 63. Let z be s(-16). Let c be -3 + 3/3 - -17. Suppose c = -t + 30. Calculate the greatest common divisor of t and z.
15
Let v be ((-29)/4*6)/((-3)/6). Suppose 4*d - v = 5*c, -d - 76 = -3*d - 4*c. Let l be (196/(-8))/(-7)*2. What is the greatest common factor of l and d?
7
Suppose -5*y + 3*b + 0*b + 1190 = 0, -3*y = -5*b - 714. Let z = y - 210. What is the highest common factor of 126 and z?
14
Let i = 6090 - 6077. What is the greatest common factor of i and 16913?
13
Let a be (-795)/(-40)*(47 - -57). Calculate the greatest common factor of 195 and a.
39
Let o(n) = n**3 - 61*n**2 + 189*n + 186. Let y be o(58). Calculate the greatest common divisor of 192 and y.
96
Suppose -6*a + a + 2*m = 5380, 5*a + m = -5395. Let u be a/(-9) + (-108)/(-486). What is the greatest common factor of 30 and u?
30
Let v(n) = -n**3 - 207*n**2 + 9873*n - 85. Let p be v(-247). Suppose -4*c = -0*c - 48. What is the highest common factor of c and p?
12
Suppose -4*x + 9*z - 4*z + 837 = 0, 5*x = -5*z + 1035. Calculate the highest common divisor of x and 884.
52
Suppose 2 = -57*x + 59*x, -3*x = 3*w - 345. What is the greatest common factor of w and 10146?
114
Let j be 8*(-4)/((-8)/9). Suppose -j = 4*y - 5*y. Let z(r) = r**3 - 4*r**2 - 17*r + 84. Let b be z(6). What is the highest common factor of y and b?
18
Let t(s) = -s**2 + 164*s - 1638. Let h be t(11). Calculate the highest common divisor of 1737 and h.
9
Let z be ((-327)/(-5))/(88/13200). Calculate the greatest common factor of 109 and z.
109
Suppose 63*f + 120 = 2*t + 59*f, -85 = -t - 3*f. Calculate the highest common factor of t and 595.
35
Let i = 46 + -40. Suppose -i*j = -8 - 4. Let g be 2/((-24)/9 + j) - -35. What is the highest common divisor of g and 4?
4
Let x(t) = -17*t + 112. Let p be x(7). Let j be (4/7)/(20/(-9310)*p). What is the greatest common divisor of j and 19?
19
Let k = 42 + 30. Let y(n) = -n**2 + 6*n + 34. Let x be y(8). Calculate the greatest common divisor of x and k.
18
Suppose -5*b = -3*p - 477 + 69, -4*p = -5*b + 409. Suppose 22*r - 108 = 21*r. What is the highest common factor of r and b?
27
Suppose 3*n - 2*g = 0, -4*n - 73*g = -76*g + 1. Suppose 0 = -0*f - 3*f + 3*o + 9, 2*o - 43 = -5*f. What is the highest common factor of n and f?
1
Let w(t) = 17*t - 68. Let h be w(5). Let j(y) = y**2 - 9*y - 36. Let q be j(h). Calculate the greatest common divisor of 550 and q.
50
Suppose -15*i = -73277 - 1453. What is the greatest common divisor of i and 282?
94
Let p be 6/9*(-3)/2 - 21. Let k be 8/22*p/(-4) + 20. What is the highest common divisor of 77 and k?
11
Let n = 92 + -59. Let s be (13/(-7) - -2 - 567/882)*-6. Calculate the greatest common factor of n and s.
3
Let y = 5632 + -4904. What is the greatest common factor of y and 208?
104
Suppose 38 + 82 = -4*a. Let f(b) = -4*b + 3. Let n be f(12). Let h = a - n. What is the highest common factor of 5 and h?
5
Let y = 225 - 141. Let u be (12/14)/((-114)/(-3724)). What is the greatest common factor of u and y?
28
Suppose -5*f - 470 = -32*b + 28*b, 3*b - 312 = -3*f. Calculate the greatest common factor of b and 1400.
10
Let a be 483/(-49) + 17 - (-24)/28. What is the greatest common divisor of 2564 and a?
4
Let y(o) be the second derivative of -o**3/6 + 71*o**2/2 - 96*o. Let q be y(23). Calculate the greatest common divisor of q and 32.
16
Let g(z) = 54*z**3 + 10*z**2 - 10*z + 1. Let n be g(1). Suppose 25*i - n = 14*i. Calculate the greatest common divisor of i and 65.
5
Let x be -16*261/(-72)*2. Suppose 0 = -2*b + n + 154 - 42, -3*n = -4*b + 220. What is the highest common factor of b and x?
58
Suppose 104*o + 1568 = 106*o. Let d = o - 780. Calculate the greatest common divisor of 20 and d.
4
Let w(a) = a**3 - 19*a**2 - 37*a - 42. Let z be w(21). Suppose -3*t + 13 = 1. Let n be (-28)/(-8)*t/2. What is the greatest common divisor of n and z?
7
Let w be -9*(8 - (28 - -3)). Calculate the greatest common divisor of w and 506.
23
Let y = 381 - 261. Let h(n) = -4*n - 38. Let i be h(-22). Calculate the greatest common divisor of i and y.
10
Let c be (-6)/(-9) + 4866/18. Let a = -159 + c. Suppose -w = -96 - a. What is the highest common divisor of w and 26?
26
Let g be 1*(11 - 1)*1. Let c(a) = -7*a**2 + 277*a - 148. Let s be c(39). What is the highest common divisor of s and g?
2
Suppose -7*o = -3*o - 76. Suppose i + o = n, -n = -5*i - 3 - 4. Let r = n - 9. What is the greatest common factor of 143 and r?
13
Suppose 2*b - 292 = -3*h, 5*h - 85 = -2*b + 407. Let u be (-50)/(-4)*((-217)/(-7) - 5). What is the highest common divisor of h and u?
25
Suppose 0 = -4*m - 4*i - 16 + 116, -48 = -6*i. Calculate the highest common factor of m and 6511.
17
Suppose 0 = 5*x + 139 - 159. Suppose -s - 5*g + 114 = 0, x*g - 110 + 452 = 3*s. What is the highest common factor of 18 and s?
6
Let u(r) = -18*r - 4. Let b be u(-4). Suppose -242 = 22*q - 1149 - 2833. Calculate the highest common factor of b and q.
34
Let d = 148 + -135. Let l(a) = -158*a**2 - 5*a - 50 - d*a + 157*a**2. Let w be l(-14). What is the highest common divisor of w and 6?
6
Suppose 0 = 3*v - u - u - 541, -5*v = 3*u - 870. Suppose v = 4*y - 447. Let p = y + -110. What is the greatest common divisor of 138 and p?
46
Suppose -w - 2*w + 36 = 5*b, -16 = -3*b + w. Suppose i + 77 = -3*m - b, -5*i - 5*m = 375. Let a = i + 77. Calculate the highest common factor of 18 and a.
6
Let j = -351 + 376. Suppose 34*z - j*z = 2376. What is the highest common divisor of 24 and z?
24
Let h(n) = -n**3 + 3*n + 22. Let g be h(0). Let j be 4748/g - 2/(-11). What is the greatest common factor of j and 36?
36
Suppose 23 = v + w, -1 = 5*w + 24. Suppose 0 = -67*y - 77*y + 20160. What is the greatest common divisor of v and y?
28
Let g(m) = m**3 - 1155 + 7*m + 1160 - 2*m + 10*m**2 + 0*m. Suppose -3*t - 2*t - 40 = 0. Let r be g(t). What is the greatest common divisor of 31 and r?
31
Suppose 2*v = -6, 4*v + 2040 - 2152 = -4*k. Calculate the greatest common divisor of k and 33697.
31
Let z be (-9)/12 + 0 + (-76)/(-16). Let y be -3 + 2 + z + (0 - 18). Let k be (-142 - 2)*10/y. Calculate the highest common divisor of k and 12.
12
Suppose 0 = 5*q - 65 - 135. Suppose 24 = -4*a + q. Calculate the highest common factor of 1 and a.
1
Let g = -283 + 283. Suppose -4*d + 741 + 1011 = 0. Suppose g = 2*o - d - 410. Calculate the highest common divisor of o and 53.
53
Let x = 16514 - 15902. What is the greatest common factor of x and 1908?
36
Let s be -271*30/(-6) - (2 - -3). What is the high